-2*h. What is the units digit of j?
5
Let s(g) = -g + 1. Let z(v) = 5. Let q(l) = -4*s(l) + z(l). What is the units digit of q(3)?
3
What is the units digit of 74/4 + (-24)/(-16)?
0
Suppose -5*d - 3*i = -211, 3*i + 73 = 5*d - 126. What is the units digit of d?
1
Suppose -y - 2*y - 3*i - 3 = 0, -i = 3. Let f be (0 - y)/((-4)/38). Suppose -4*l - 3*t = -f, -5*t = l + 3*l - 21. What is the units digit of l?
4
Suppose 2*b - 36 = 4*z, -4*z = 5*b - z - 129. Let q = -6 + b. Let r = 30 - q. What is the units digit of r?
2
Let g be (-1 + 1)*(3 - 2). Suppose -2*k - 72 = -6*k. Suppose 3*t + 2*n - k + 4 = g, 3*t + 14 = 5*n. What is the units digit of t?
2
Suppose 2 - 22 = -2*i. What is the units digit of (-32)/10*i/(-4)?
8
Let r be 3/2 - (-6)/4. Suppose 0 = -r*t - 5*i + 26, 0 = 3*t - 2*i + 3 - 1. What is the units digit of t?
2
Let d = -16 + 4. What is the units digit of 6/(-4)*32/d?
4
Suppose -4 + 2 = 2*n. Let t = n - -3. Suppose t*a = 2 + 6. What is the units digit of a?
4
Suppose 10 + 0 = 2*g. Let v = 70 + -71. Let k = g - v. What is the units digit of k?
6
Let b(i) = -i**2 - 13*i. Suppose 32 + 4 = -3*o. Let z be b(o). What is the tens digit of 14 + 1 + z/4?
1
Let t(g) = g**2 + 7*g + 5. What is the hundreds digit of t(11)?
2
Let t = -10 - -14. Suppose 3*c - 22 = 3*l + 5, c - t*l = -6. What is the tens digit of c?
1
Suppose 1 = -c - 0, 2*c = -3*f + 334. What is the hundreds digit of f?
1
Let o be 86/8 + 4/16. Let c = o - 6. Suppose -2*b + 10 = 2*h, -c*h = 4*b - 0*h - 20. What is the units digit of b?
5
Suppose 0 = -j - 4 + 5. Let x be (j - 15)/(3 - 5). Let p = x - 3. What is the units digit of p?
4
Suppose 5*d - 34 = -114. What is the units digit of 10/25 - d/10?
2
Suppose 4*p - 15 = -p. Let y be 21/18*p*2. Let g = y + -1. What is the units digit of g?
6
Let p(f) = 4*f + 5. Suppose 0 = 3*c + j + 2, 2*j = -2 - 2. Suppose -a + 4 = -c. What is the tens digit of p(a)?
2
Suppose 0 = 3*p - 6*f + 3*f - 687, p = -f + 235. What is the units digit of p?
2
Suppose 46*t = 47*t - 49. What is the tens digit of t?
4
Suppose -4*i = -7*i - 3*l - 6, -i - 4*l = 5. Let s(n) = 13*n**2. What is the units digit of s(i)?
3
Suppose 0 = -4*w - 11 - 41. Let p = w + 21. What is the units digit of p?
8
Let a(c) = c**2 + 7*c + 5. Let l be a(-5). Let u = -3 + 0. Let f = u - l. What is the units digit of f?
2
Suppose x = -m + 2*m - 47, 0 = 3*m + 5*x - 133. What is the units digit of m?
6
Let n(d) = -9*d**3 - 2*d**2 + 2. What is the tens digit of n(-2)?
6
Let y be 466/4 - 1/2. What is the units digit of y/24 + (-2)/(-12)?
5
Let i = 93 - 13. Suppose i = 2*n + 3*n. What is the tens digit of n?
1
Let v be (-2 - -5) + 1*-1. Let b = v + -6. Let g = 21 + b. What is the tens digit of g?
1
Suppose 6*j - 8*j + 214 = 0. What is the hundreds digit of j?
1
Let t(l) = l - 10. Let i be t(7). Let u(m) = m**2 - m - 1. Let z be u(-2). Let k = z + i. What is the units digit of k?
2
Suppose -6*z + z = -25. Let y be z - ((3 - 2) + 1). Suppose -5*v - 4*x + y*x + 3 = 0, -x = 2. What is the units digit of v?
1
Suppose -143 = 3*a + 40. Let h = a + 37. What is the units digit of (h/9)/((-4)/6)?
4
What is the tens digit of 49 + (-2 - 2 - -6)?
5
Suppose 0*v - 5*v + 150 = 0. Suppose 0 = -5*w + 5 + v. Let x = 15 - w. What is the units digit of x?
8
Suppose -5*r - 21 = -291. What is the units digit of r?
4
Suppose 3*j + 4*w = 2*j + 6, 19 = 2*j + w. Suppose 43 = b + j. What is the units digit of b?
3
Suppose 81 = 5*g - 89. What is the tens digit of g?
3
Let h(t) = -2*t - 5. Let w be 462/30 + 2/(-5). Let y = -21 + w. What is the units digit of h(y)?
7
Suppose -755 = -4*x - 67. What is the tens digit of x?
7
What is the tens digit of (-1)/(1/4)*135/(-30)?
1
Let w be (1 + -21)*(-4)/16. Suppose 33 = w*p + 3. What is the units digit of p?
6
Suppose w = -4*l + 39, -29 = -6*l + 2*l - 3*w. Let r = l + -6. Let y(h) = h + 5. What is the units digit of y(r)?
0
Suppose 2*j + 4 - 1 = 3*b, -b - 10 = 3*j. Let l = 8 + j. Suppose p = 1 + l. What is the units digit of p?
6
Let r = 65 - 27. What is the units digit of r?
8
Let c = -5 + 7. Suppose c*o = 4*o - 34. What is the tens digit of o?
1
Suppose -3*i - 20 = -5*z - 0, 2*i - 31 = -3*z. What is the units digit of z?
7
Let w(r) = 4*r**2 + 2*r. Let l be w(-3). Suppose -l = i - 6*i. What is the units digit of i?
6
Suppose -3*o + 4*b = -15, 3*o - 4*b + 6*b + 3 = 0. Let t = o + 2. What is the units digit of t?
3
Suppose -6 = -5*s - 1, 14 = 3*f + 5*s. Let a(y) = y - 3. Let z be a(f). Suppose 5*t - 2*n - 32 = z, -n + 11 = -0*t + 2*t. What is the units digit of t?
6
Let b(i) = i**2 - 1. Let d(j) = -j**3 - 4*j**2 - 5*j - 4. Let u be d(-3). What is the units digit of b(u)?
3
Let y(q) = -q**2 - 4*q. Let d be y(-3). Suppose d*m - 195 = -5*r + 7*m, 0 = -2*m - 10. What is the units digit of r?
5
Let q(r) be the second derivative of -r**4/12 + r**3 - r**2 + r. Let x(b) = 3*b - 34. Let d be x(13). What is the units digit of q(d)?
3
Let u be (2 - -2) + (-12)/4. What is the units digit of (1/(-3) - u)*-3?
4
Let l be (1 + 5)*(-1)/2. Let j(a) = -a**2 - 2*a - 2. Let m be j(l). Let h(n) = -n - 4. What is the units digit of h(m)?
1
Let s(p) = p**3 + 4*p**2 - 6*p - 3. Let f = 6 + -11. What is the units digit of s(f)?
2
Let h(m) = 2*m**2 + 1. Let d(z) = -2*z**2 + z - 1. Let b(c) = 5*d(c) + 6*h(c). What is the tens digit of b(-4)?
1
Let c = -3 + 10. Suppose c*x - 2*x = 25. What is the units digit of x?
5
Suppose 18 + 2 = 5*w. Let u = w - 3. What is the units digit of u/(-4) + (-58)/(-8)?
7
Suppose 5*f + 4*f - 1476 = 0. What is the tens digit of f?
6
Suppose -5*u + 213 = -692. What is the hundreds digit of u?
1
Let d = 22 - -136. What is the units digit of d?
8
Let h be (-2 + -1)*80/24. Let a(j) = j**3 + 11*j**2 + 8*j - 3. What is the units digit of a(h)?
7
Let c(w) = -w**3 - 5*w**2 + 6*w + 3. Let o be c(-6). Suppose -20 = -0*i - o*i + 2*k, 2*i - 2*k - 12 = 0. What is the units digit of i?
8
Suppose x - 27 = -2*x. What is the tens digit of x - (3/(-3) - 1)?
1
Let k = 1 + 3. Let t = 9 + k. Suppose 3*m - 14 = -b + t, 46 = 5*m + 2*b. What is the units digit of m?
8
Let z = 123 - 87. Let d = z - 20. What is the tens digit of d?
1
Let f(u) = 2*u**2 + 6*u + 2. Let q = -5 - -1. Let v be f(q). What is the units digit of (-20)/(-6)*15/v?
5
Let g be (-4)/(-6)*(-105)/(-10). What is the units digit of (g/((-21)/30))/(-2)?
5
Suppose -5 = 5*j, 4*d - 19 = d - 2*j. Let s = 5 + -9. Let p = d - s. What is the tens digit of p?
1
Let l(t) = t**3 + 4*t**2 - 4*t + 3. Let c be l(-5). What is the units digit of 1*-4*1/c?
2
Let s = 2 - 0. What is the units digit of s?
2
Suppose 5*t = -k - 3*k + 5, -3*k = t - 12. What is the units digit of k?
5
Let s be (2*-1)/(10/(-95)). Let l = s + -7. What is the tens digit of l?
1
Let t(k) = 91*k**2 - k - 1. What is the tens digit of t(1)?
8
Suppose -8*u + 3*u + 300 = 0. What is the tens digit of u?
6
Suppose 2*f - 2*d - 3*d = 407, 0 = -f + 5*d + 211. What is the tens digit of f?
9
Suppose 0 = -8*p + 12*p - 120. What is the units digit of p?
0
Let k = -21 - -42. What is the units digit of k?
1
Let h = -1 - -4. Suppose -2*g = h*g - 20. What is the units digit of g?
4
Let b = -12 - -9. Suppose -4*m = 0, 3*m = 4*w + 3 + 1. Let y = w - b. What is the units digit of y?
2
Let g be (-4)/(-8) + (-110)/(-4). Suppose 3*b - 23 = j + j, -3*b + j = -g. What is the tens digit of b?
1
Let o = 10 - 7. What is the units digit of o?
3
Let w = 8 - 13. Let a(o) = -o**2 - 6*o - 4. Let u be a(w). Suppose -2*d + 9 = -u. What is the units digit of d?
5
Let b be 3/15 + (-4)/(-5). Let y be (3 - 2)*(b - -9). Suppose -4*i + 18 + y = 0. What is the units digit of i?
7
Suppose -4*i - 124 = -4*r, -4*r - 5*i + 53 = -62. What is the units digit of r?
0
Suppose 3*b = -2*b + 4*f - 4, 24 = -2*b - 4*f. Let g(m) = m + 9. Let s be g(b). Suppose s*v - 4*v = 1. What is the units digit of v?
1
Let d = 4 - 4. Suppose d = 3*y - 2*y + z - 30, -3*z - 118 = -5*y. What is the tens digit of y?
2
Let g(a) = 30*a**2 - 5*a - 7. What is the units digit of g(-2)?
3
Suppose 2*o - 6 = -o. Suppose 5*s + 37 = o*z, 4*s = -z - z - 8. What is the units digit of z?
6
Suppose z + 1 = 2. Let j be (-68)/(-18) + (-2)/(-9). Let y = j - z. What is the units digit of y?
3
Let g(a) = -a**3 - 5*a**2 - 2*a + 1. Let d(k) = -2*k**2 + 5*k - 2. Let i be d(3). What is t